 2472294.
94
Calculate the highest common factor of 169 and 18.
1
Calculate the greatest common divisor of 31320 and 1940.
20
Calculate the greatest common divisor of 101590 and 10.
10
Calculate the highest common divisor of 134364 and 324.
12
What is the highest common divisor of 66220 and 2674?
14
What is the highest common factor of 1044117 and 27?
27
What is the highest common factor of 2236 and 832?
52
What is the highest common factor of 11029 and 4?
1
What is the greatest common factor of 5407200 and 60?
60
What is the greatest common divisor of 68 and 2159?
17
What is the highest common factor of 144 and 96858?
18
Calculate the greatest common factor of 175 and 2109275.
175
What is the greatest common divisor of 253 and 110231?
11
Calculate the highest common factor of 1287 and 64152.
99
What is the greatest common factor of 80734 and 4736?
74
Calculate the highest common divisor of 43792 and 9200.
368
Calculate the highest common factor of 54900 and 3096.
36
What is the greatest common factor of 47012 and 48?
4
What is the greatest common factor of 34965 and 98?
7
Calculate the highest common divisor of 3170 and 310.
10
Calculate the greatest common divisor of 42 and 3860682.
42
What is the greatest common divisor of 2312 and 16592?
136
Calculate the greatest common factor of 2126 and 5058.
2
What is the greatest common factor of 10385 and 20491?
31
What is the greatest common divisor of 1325 and 5508025?
1325
Calculate the greatest common factor of 104 and 4277.
13
What is the greatest common divisor of 1037881 and 6409?
377
Calculate the greatest common divisor of 55 and 415789.
11
What is the highest common factor of 6238 and 134?
2
Calculate the greatest common divisor of 64694 and 504.
14
What is the greatest common factor of 395295 and 4015?
365
What is the greatest common factor of 4023 and 27267?
447
What is the highest common divisor of 1300 and 1100?
100
Calculate the greatest common factor of 165 and 43417.
11
Calculate the greatest common divisor of 12 and 100324.
4
What is the highest common factor of 867321 and 7371?
2457
Calculate the greatest common factor of 1586 and 23546.
122
What is the greatest common factor of 343030 and 4?
2
Calculate the highest common factor of 2066 and 2.
2
What is the highest common divisor of 18740 and 20?
20
Calculate the highest common divisor of 168793 and 306.
17
What is the highest common factor of 43136 and 40?
8
What is the greatest common factor of 4000 and 1952?
32
What is the highest common divisor of 2101587 and 428?
107
What is the highest common divisor of 666 and 30784?
74
What is the greatest common divisor of 258 and 485943?
129
What is the greatest common divisor of 522453 and 17799?
1047
Calculate the greatest common factor of 176 and 51656.
88
Calculate the greatest common divisor of 52464 and 96.
48
What is the greatest common factor of 192192 and 4620?
924
Calculate the highest common divisor of 782002 and 182.
26
What is the highest common factor of 9132 and 108?
12
Calculate the greatest common factor of 5950 and 7582.
34
What is the greatest common divisor of 35434 and 14?
14
What is the greatest common divisor of 3184 and 7761?
199
Calculate the greatest common divisor of 155 and 2075729.
31
Calculate the highest common factor of 20 and 310820.
20
Calculate the greatest common divisor of 50 and 943990.
10
What is the greatest common divisor of 2613 and 17889?
201
What is the greatest common factor of 540 and 58455?
135
Calculate the highest common factor of 5440 and 61120.
320
What is the highest common divisor of 8 and 1405904?
8
Calculate the highest common factor of 1109733 and 456.
57
What is the greatest common divisor of 62508 and 48?
12
What is the greatest common factor of 528 and 2101?
11
Calculate the highest common factor of 6882 and 283494.
222
Calculate the highest common factor of 6958 and 100394.
994
What is the highest common factor of 1086 and 52490?
362
What is the greatest common factor of 979515 and 90?
45
What is the greatest common divisor of 2007 and 909?
9
Calculate the highest common divisor of 1036322 and 18802.
1106
Calculate the greatest common factor of 378 and 5238.
54
Calculate the highest common divisor of 280 and 86968.
56
What is the greatest common divisor of 558257 and 49?
49
Calculate the highest common factor of 57890 and 455.
35
Calculate the greatest common factor of 24096 and 768.
96
Calculate the highest common divisor of 697 and 6847.
41
Calculate the highest common divisor of 210 and 12810.
210
Calculate the highest common factor of 16 and 115504.
16
Calculate the greatest common divisor of 15945 and 1215.
15
Calculate the greatest common factor of 32039 and 2576.
161
What is the highest common divisor of 66432 and 384?
384
What is the greatest common factor of 98 and 872543?
49
Calculate the greatest common factor of 15840 and 2331360.
1440
Calculate the greatest common divisor of 56373 and 3.
3
What is the highest common divisor of 34360 and 280?
40
Calculate the highest common factor of 11195856 and 112.
112
What is the highest common factor of 350271 and 54?
27
What is the highest common factor of 1905 and 5730?
15
What is the highest common factor of 71440 and 19456?
304
Calculate the greatest common divisor of 18258 and 19584.
102
What is the highest common divisor of 288 and 197088?
96
Calculate the highest common factor of 475 and 10.
5
What is the greatest common divisor of 7945 and 1435?
35
Calculate the greatest common factor of 1232 and 10384.
176
What is the highest common divisor of 10 and 115030?
10
Calculate the greatest common divisor of 81 and 614709.
81
What is the greatest common divisor of 318212 and 836?
76
Calculate the highest common factor of 57463 and 14.
7
What is the highest common factor of 11 and 6090733?
11
Calculate the greatest common divisor of 163849 and 4272.
89
Calculate the greatest common divisor of 233877 and 147.
147
Calculate the highest common factor of 229141 and 4477.
407
What is the greatest common divisor of 1362 and 51302?
454
Calculate the highest common divisor of 214 and 44619.
107
Calculate the highest common divisor of 13616 and 98864.
592
Calculate the greatest common divisor of 838389 and 3468.
867
What is the greatest common factor of 1647 and 4209?
183
What is the greatest common factor of 2590 and 67570?
10
Calculate the highest common divisor of 320 and 183140.
20
Calculate the greatest common divisor of 185574 and 1413.
471
Calculate the highest common factor of 6145 and 180.
5
What is the greatest common divisor of 38544 and 108?
12
What is the greatest common factor of 429 and 37713?
39
What is the greatest common divisor of 539 and 26362?
49
What is the highest common divisor of 1 and 140339?
1
Calculate the highest common divisor of 284375 and 1820.
455
What is the greatest common factor of 501723 and 9?
9
What is the highest common factor of 175383 and 1443?
39
What is the highest common factor of 5129 and 1771?
23
What is the greatest common divisor of 220 and 800734?
22
Calculate the highest common divisor of 790 and 1285725.
395
What is the greatest common divisor of 4029 and 395790?
237
What is the highest common factor of 6594 and 826?
14
What is the greatest common factor of 473 and 23419?
11
Calculate the highest common divisor of 3212 and 748.
44
What is the highest common factor of 8184 and 470704?
248
What is the greatest common divisor of 188177 and 11?
11
Calculate the highest common factor of 870040 and 280.
40
Calculate the greatest common divisor of 62 and 5053.
31
What is the highest common divisor of 102265 and 3077?
181
Calculate the greatest common factor of 140 and 5118890.
70
Calculate the highest common divisor of 66933 and 666.
333
What is the highest common divisor of 394017 and 39?
39
Calculate the highest common factor of 751443 and 11.
11
What is the greatest common factor of 43 and 15780?
1
What is the highest common factor of 13008738 and 366?
366
Calculate the highest common divisor of 1287 and 1683.
99
Calculate the highest common factor of 45 and 4049505.
45
Calculate the highest common divisor of 1106764 and 1084.
1084
What is the highest common divisor of 16055 and 6669?
247
What is the greatest common factor of 336 and 